*r = -11, 4*p + 2*r = 10. Let w be (-18 + -3 + 0)*-2. Let q = w - 28. Calculate the remainder when q is divided by p.
2
Calculate the remainder when 160 is divided by (1 + (-3 - -1)/(-2))*9.
16
Suppose -4 = -4*m, 0 = -3*q - 2*q + 4*m + 131. Let a(r) = -r**3 - 16*r**2 - 13*r + 36. Calculate the remainder when q is divided by a(-15).
3
Suppose 0*b + 4 = 2*b. Let g(v) = 2*v**3 + 2*v - 2. What is the remainder when 69 is divided by g(b)?
15
Let u = 8 + -4. Suppose -4*z + 4 = 0, b - 3*b + u*z - 34 = 0. Let d = -11 - b. Calculate the remainder when 10 is divided by d.
2
Let i(o) = -2*o**3 - 3*o - 1. Let b be i(-2). Calculate the remainder when 11 is divided by (-3 + 2)*b/(-3).
4
Let p(o) = 3*o - 4. Let h(r) = -2*r + 2. Let u(m) = -11*h(m) - 6*p(m). What is the remainder when 111/9*3 + 3 is divided by u(3)?
12
Suppose 24 = 6*m - 24. Calculate the remainder when (-2)/6 - 188/(-6) is divided by m.
7
Suppose 3*v = -0*v + 3. Calculate the remainder when 2 is divided by v.
0
What is the remainder when ((-1311)/46)/(3/(-4)) is divided by 8?
6
Let g(j) = j**3 + 13*j**2 - 19*j - 3. What is the remainder when g(-14) is divided by 17?
16
Suppose 17 + 13 = 5*l. Calculate the remainder when l is divided by 2.
0
Let s = -135 + 164. What is the remainder when 112 is divided by s?
25
Suppose 3 = -0*w + 3*w. Let q(b) = 11*b**3 - 1. What is the remainder when 28 is divided by q(w)?
8
Let t(c) = 10*c - 19. Calculate the remainder when t(6) is divided by 11.
8
Suppose 0 = w + 11 - 5. Calculate the remainder when 36 is divided by 76/6 - w/18.
10
Let z be 92/6 + 11/(-33). Let y = z - 3. Calculate the remainder when 45 is divided by y.
9
Suppose -3*g - 4*v = -16, 0*g - 16 = g - 4*v. Suppose g = 4*z - 3 - 21. What is the remainder when 16 is divided by z?
4
Suppose 3 + 12 = 5*r. Suppose 6*b - r*b - 3*d = -177, 224 = -4*b + d. Let p = -28 - b. Calculate the remainder when p is divided by 14.
13
Let a(f) = -f**2 + 5. Let b(l) = -l**2 + 4. Let k(s) = 5*a(s) - 6*b(s). What is the remainder when k(-7) is divided by 26?
24
Suppose 0 = -3*v + 5*x + 4, 2*x - 32 = v - 4*v. Let r = 4 + v. Calculate the remainder when 35 is divided by r.
11
Let s(v) = 4*v + 0*v - 4 + v**2 + v + 0. Let t be s(4). Let w = t + -13. Calculate the remainder when 36 is divided by w.
17
Suppose 1 + 5 = 2*q. Suppose -7*x = -q*x + 4*t - 184, 2*t = 2*x - 104. What is the remainder when x is divided by 13?
10
Suppose -2*m + 14 = -18. What is the remainder when 106 is divided by m?
10
Let f(y) = -y**2 + 4. Let l be f(0). Let o be (-20)/6*24/(-10). Let u = o - l. What is the remainder when 6 is divided by u?
2
Let w = -77 - -103. Calculate the remainder when w is divided by 12.
2
Suppose 6 = 2*q + 2. Suppose -q*b + 10 = -b - 4*n, 4*n - 4 = 0. Suppose -3*c = -50 + b. What is the remainder when 35 is divided by c?
11
Let a = -14 - -43. Let y = -21 + a. What is the remainder when 21 is divided by y?
5
Let j(s) = -2*s - 7. Let a be j(-6). Suppose 8 + 41 = 3*g - 5*z, 0 = a*g + 2*z - 30. What is the remainder when 29 is divided by g?
5
Suppose -4*g + g = -30. What is the remainder when g is divided by 3?
1
Let h(l) = 14*l - 8. Calculate the remainder when h(9) is divided by 30.
28
Let h(u) = -4*u - 10. Let k be h(-7). Let s = 25 - k. What is the remainder when 12 is divided by s?
5
Let f be (3 - 4)*-97 + 3. Suppose 5*j + 20 = 0, i - 5*i + f = -3*j. Calculate the remainder when i is divided by 8.
6
Suppose -q + 10 = 4*q. Suppose -4*i + a - 2 = -14, 4 = -2*i - q*a. Let t(z) = -z**3 - 2*z**2 + 3*z + 4. Calculate the remainder when t(-3) is divided by i.
0
Suppose 2*a - 2*w - 78 = 0, -3*w + 114 = 4*a - 14. What is the remainder when a is divided by 13?
9
Let b = 8 + -5. Suppose -76 = -w - 3*w + 4*a, -b*w + 43 = 4*a. What is the remainder when w is divided by 9?
8
Suppose -4*l - 4*j + 12 = 0, 4*l - 5*j + 22 = 2*l. Suppose -m + 6*m - 50 = 0. Calculate the remainder when m is divided by l*(-8 - (-2)/1).
4
Let u = 21 - 9. What is the remainder when 6 - (1 - -2)*-5 is divided by u?
9
Suppose 50 = 6*q - 4*q. What is the remainder when q is divided by 9?
7
Let t = -6 - -13. Suppose -2*q - 22 = 2*o, -o - 17 - 3 = 4*q. Let g(c) = -c + 4. Calculate the remainder when g(o) is divided by t.
5
Suppose 7*q - 12 = 6*q. Let u be (-8)/(-12) + (-13)/(-3). Suppose u = y - 2. Calculate the remainder when q is divided by y.
5
Let u = -21 + 9. What is the remainder when 93/(-2)*8/u is divided by 8?
7
Let i = -329 - -221. Let c = 154 + i. Calculate the remainder when c is divided by (8/20)/(2/80).
14
Let z be 95/(-4) - 2/8. Let k = -9 - z. Let u = 26 + 17. What is the remainder when u is divided by k?
13
Let p = 4 + -8. Let f(b) = -b**3 - 5*b**2 - 7*b - 4. Let m be f(p). What is the remainder when m/(-10)*190/(-4) is divided by 13?
12
Suppose -s - 2*s + 24 = 0. Suppose -f = 2 - s. What is the remainder when f is divided by 2?
0
Let g(n) = 3*n - 2. Suppose -4*b = -63 - 13. What is the remainder when b is divided by g(4)?
9
Suppose -6*m = -18 - 6. Suppose 0 = -4*k + 4 + 4. What is the remainder when m is divided by k?
0
Calculate the remainder when 6 is divided by (-21)/(-7) - (-3 - -3).
0
Let n = 262 - 248. Let f = 5 - 0. Suppose -4*q + 127 = -q + y, 0 = f*q - 4*y - 189. What is the remainder when q is divided by n?
13
Let f(k) = 2*k**2 + 14*k - 1. Calculate the remainder when f(-11) is divided by 30.
27
Calculate the remainder when (-814)/(-17) + ((-49)/17 - -3) is divided by 13.
9
What is the remainder when -4 - 1230/(-12) - 2/(-4) is divided by 17?
14
Suppose -3*v = v - 168. Let n = v - 27. Suppose x = 1 + 8. Calculate the remainder when n is divided by x.
6
Let x = -1 + 2. Suppose 0 = s - 4*o - 46, -x = -s - 4*o + 21. What is the remainder when s is divided by 9?
7
Suppose -4*g + 5*k - 4*k = -242, -k + 246 = 4*g. What is the remainder when g is divided by 16?
13
What is the remainder when -3 - -22*5/10 is divided by 1?
0
Suppose -2*t - 9 = -5*t. Let j = -11 + 19. What is the remainder when j is divided by t?
2
Suppose -b = -4*p - 6 + 34, p - 20 = -3*b. Let n be (-2)/3 + p/3. Calculate the remainder when 22 is divided by (12/1)/(2/n).
10
Let o = -8 + 7. Let t(q) = 20*q**2 + 1. What is the remainder when t(o) is divided by 11?
10
Suppose 5*g + y = 135, 3*y - 6*y = 4*g - 108. Suppose -u + 36 = -5*c, -g + 8 = -4*u - 5*c. What is the remainder when 43 is divided by u?
10
Suppose -5*m + 5*i - 3*i = -31, 4*m - 23 = i. Let c(q) = 4*q**2 - 2*q + 1. What is the remainder when c(2) is divided by m?
3
Calculate the remainder when 10 is divided by (12/15)/(3 + (-42)/15).
2
Let a = 58 - 28. Let x(i) = 18*i**2 + i - 1. Suppose -3*f = 5*m - 12, 2*f + 17 = -0*m + 5*m. Calculate the remainder when a is divided by x(f).
14
Suppose -2 = -6*o + 64. Suppose -d = 4*x - 2*d + 28, 4*x = 2*d - 32. What is the remainder when o is divided by (-34)/x - 2/(-6)?
5
Let a(s) = s**3 + 9*s**2 + 8*s + 3. Let p be a(-8). Calculate the remainder when (62 - p) + 6/3 is divided by 16.
13
Suppose 0 = 5*x + 3*h - 10, -2*h = 2*h. Suppose 4*i - 24 = -x*p + 10, i = -4*p + 26. Let s = 18 + i. What is the remainder when s is divided by 13?
11
Let k be (-1 - 2) + 3 + 0. Suppose 0 = 3*b + 4*f + 5, -15 + k = 3*f. What is the remainder when b is divided by 1/(-2) + 28/8?
2
Let k(f) = 5*f - 13. Suppose -18 = 4*z + 18. Let x(n) = -2*n + 6. Let l(j) = z*x(j) - 4*k(j). What is the remainder when l(-6) is divided by 6?
4
Suppose -7*l - l = -232. Let v = 17 + -7. What is the remainder when l is divided by v?
9
Suppose -3*f + 3 + 3 = 0. Suppose -d = -f*d + 49. Suppose -h + 4 + 13 = 0. What is the remainder when d is divided by h?
15
Let d = -13 + 18. Suppose -c + 184 = 5*k, k + 152 = d*k - 4*c. Let w = -5 - -18. Calculate the remainder when k is divided by w.
11
What is the remainder when (-3 - -1)/(4/(-22)) is divided by 8?
3
Let p(t) = 3*t + 5. Let b(u) = 10*u + 14. Let h(r) = -4*b(r) + 11*p(r). Let z be h(-1). What is the remainder when 35 is divided by 164/14 - z/(-21)?
11
Suppose 3*a + n = 5*a + 24, -4 = n. What is the remainder when 540/28 + 4/a is divided by 11?
8
Let p(q) = 4*q**3 + 3 + 0*q**2 - q**2 - 1. What is the remainder when p(2) is divided by 16?
14
Let u(m) = m**2 - 6*m - 10. Let w be u(7). Let k = w - -36. What is the remainder when k is divided by 17?
16
Let n = 34 + 103. Wha